ulate the greatest common factor of 348 and 435.
87
Calculate the greatest common factor of 2914 and 47.
47
What is the highest common divisor of 70 and 2765?
35
Calculate the greatest common divisor of 604 and 4.
4
What is the highest common divisor of 33 and 24?
3
What is the highest common divisor of 120 and 420?
60
What is the greatest common divisor of 163 and 97637?
163
Calculate the highest common factor of 940 and 165.
5
What is the greatest common divisor of 660 and 242?
22
Calculate the highest common divisor of 351 and 2691.
117
Calculate the greatest common divisor of 18 and 144.
18
Calculate the greatest common divisor of 212 and 4.
4
Calculate the greatest common factor of 15 and 1185.
15
What is the highest common factor of 30 and 582?
6
Calculate the greatest common factor of 55 and 2695.
55
What is the highest common divisor of 119 and 17?
17
What is the greatest common factor of 5858 and 4646?
202
Calculate the highest common factor of 700 and 400.
100
Calculate the greatest common divisor of 266 and 7.
7
What is the greatest common factor of 126 and 441?
63
Calculate the highest common factor of 3715 and 10.
5
What is the highest common factor of 7 and 5971?
7
What is the greatest common divisor of 810 and 150?
30
What is the highest common factor of 4 and 4244?
4
What is the highest common divisor of 32 and 96?
32
What is the highest common factor of 26 and 17992?
26
What is the highest common factor of 632 and 5530?
158
Calculate the highest common divisor of 17 and 2669.
17
Calculate the highest common divisor of 140 and 1344.
28
What is the highest common divisor of 12 and 12756?
12
What is the highest common factor of 16 and 8?
8
What is the highest common factor of 546 and 378?
42
What is the greatest common factor of 2925 and 650?
325
What is the highest common divisor of 41 and 4?
1
Calculate the greatest common factor of 2196 and 108.
36
Calculate the highest common divisor of 90 and 410.
10
What is the greatest common factor of 169 and 26?
13
Calculate the greatest common divisor of 5184 and 1344.
192
What is the greatest common divisor of 230 and 506?
46
Calculate the greatest common divisor of 3 and 1797.
3
Calculate the greatest common factor of 8554 and 364.
182
What is the greatest common factor of 184 and 230?
46
Calculate the greatest common factor of 252 and 336.
84
Calculate the highest common factor of 36 and 336.
12
Calculate the highest common factor of 16653 and 1365.
273
What is the highest common factor of 15 and 145?
5
What is the greatest common divisor of 2821 and 4030?
403
Calculate the greatest common factor of 48 and 36.
12
What is the greatest common factor of 1158 and 6?
6
Calculate the greatest common divisor of 3408 and 132.
12
Calculate the greatest common divisor of 1169 and 7.
7
What is the highest common factor of 81 and 672?
3
What is the highest common factor of 559 and 1?
1
Calculate the greatest common divisor of 728 and 200.
8
Calculate the greatest common divisor of 8 and 1532.
4
Calculate the greatest common divisor of 2 and 2219.
1
What is the greatest common divisor of 21570 and 60?
30
What is the greatest common factor of 8 and 328?
8
What is the highest common divisor of 204 and 1992?
12
Calculate the highest common divisor of 1794 and 52.
26
Calculate the highest common factor of 1800 and 54.
18
What is the greatest common factor of 1 and 1883?
1
What is the greatest common divisor of 356 and 7298?
178
Calculate the greatest common divisor of 6630 and 850.
170
Calculate the greatest common factor of 73 and 8833.
73
What is the highest common factor of 1314 and 279?
9
What is the greatest common factor of 16 and 496?
16
What is the greatest common divisor of 6 and 982?
2
What is the highest common divisor of 19 and 304?
19
Calculate the greatest common divisor of 3 and 7.
1
Calculate the greatest common divisor of 2570 and 20.
10
Calculate the greatest common factor of 1725 and 675.
75
Calculate the highest common divisor of 9052 and 217.
31
What is the greatest common factor of 13 and 377?
13
Calculate the highest common divisor of 6 and 1494.
6
Calculate the highest common divisor of 518 and 4.
2
Calculate the highest common divisor of 459 and 102.
51
What is the greatest common divisor of 65 and 95?
5
Calculate the greatest common factor of 579 and 3.
3
Calculate the highest common factor of 1134 and 648.
162
What is the highest common factor of 11659 and 131?
131
What is the highest common divisor of 300 and 960?
60
What is the highest common divisor of 644 and 3266?
46
What is the greatest common divisor of 235 and 25?
5
What is the highest common divisor of 202 and 2?
2
What is the highest common factor of 435 and 80?
5
What is the greatest common divisor of 1353 and 246?
123
Calculate the greatest common factor of 28 and 27972.
28
What is the highest common factor of 252 and 63?
63
What is the greatest common divisor of 1296 and 16?
16
Calculate the greatest common factor of 116 and 12296.
116
What is the highest common divisor of 78 and 65?
13
Calculate the highest common divisor of 4161 and 38.
19
Calculate the highest common divisor of 946 and 594.
22
What is the greatest common factor of 1376 and 64?
32
What is the highest common factor of 56 and 938?
14
What is the highest common divisor of 392 and 28616?
392
Calculate the greatest common divisor of 48 and 9056.
16
What is the highest common factor of 38 and 589?
19
Calculate the greatest common divisor of 828 and 9.
9
Calculate the greatest common factor of 3053 and 71.
71
What is the greatest common factor of 162 and 2943?
27
Calculate the greatest common factor of 16 and 124.
4
What is the greatest common divisor of 112 and 280?
56
What is the greatest common factor of 4 and 244?
4
Calculate the highest common factor of 109 and 7957.
109
What is the greatest common factor of 7049 and 931?
133
What is the highest common divisor of 392 and 1008?
56
What is the highest common divisor of 300 and 60?
60
What is the highest common divisor of 12 and 2040?
12
What is the highest common factor of 160 and 120?
40
What is the highest common factor of 5161 and 13?
13
What is the highest common divisor of 1800 and 250?
50
What is the highest common factor of 1339 and 13?
13
Calculate the highest common factor of 44 and 16181.
11
What is the greatest common factor of 4 and 20?
4
Calculate the greatest common divisor of 325 and 247.
13
Calculate the greatest common factor of 3878 and 28.
14
What is the greatest common factor of 56 and 406?
14
Calculate the highest common factor of 154 and 84.
14
Calculate the highest common divisor of 225 and 2.
1
Calculate the greatest common factor of 12 and 102156.
12
What is the highest common factor of 46 and 207?
23
Calculate the highest common factor of 65 and 13.
13
What is the highest common factor of 276 and 1587?
69
Calculate the greatest common divisor of 869 and 948.
79
What is the highest common factor of 150 and 4150?
50
Calculate the greatest common factor of 867 and 34.
17
Calculate the highest common factor of 6475 and 525.
175
What is the highest common factor of 61 and 46421?
61
Calculate the highest common divisor of 36 and 300.
12
Calculate the highest common factor of 2625 and 105.
105
Calculate the greatest common divisor of 241 and 5.
1
Calculate the greatest common divisor of 4756 and 58.
58
Calculate the greatest common factor of 376 and 141.
47
Calculate the highest common divisor of 420 and 45.
15
What is the greatest common divisor of 800 and 120?
40
What is the greatest common factor of 190 and 38?
38
What is the highest common factor of 84 and 228?
12
Calculate the highest common divisor of 70 and 6.
2
What is the greatest common divisor of 47 and 6016?
47
What is the greatest common divisor of 192 and 6?
6
What is the greatest common factor of 238 and 28?
14
What is the greatest common factor of 28 and 154?
14
What is the highest common divisor of 310 and 1302?
62
What is the greatest common factor of 5 and 195?
5
What is the highest common divisor of 583 and 66?
11
What is the greatest common factor of 2104 and 8?
8
Calculate the highest common divisor of 306 and 34.
34
What is the greatest common factor of 18 and 2133?
9
What is the highest common divis